{"id":1468,"date":"2024-01-10T20:15:30","date_gmt":"2024-01-10T20:15:30","guid":{"rendered":"https:\/\/astralcliniklab.ro\/?page_id=1468"},"modified":"2024-04-16T13:34:23","modified_gmt":"2024-04-16T13:34:23","slug":"termenii-si-conditiile","status":"publish","type":"page","link":"https:\/\/astralcliniklab.ro\/index.php\/termenii-si-conditiile\/","title":{"rendered":"Termenii si Conditiile"},"content":{"rendered":"\t\t<div data-elementor-type=\"wp-page\" data-elementor-id=\"1468\" class=\"elementor elementor-1468\" data-elementor-post-type=\"page\">\n\t\t\t\t\t\t<section data-particle_enable=\"false\" data-particle-mobile-disabled=\"false\" class=\"elementor-section elementor-top-section elementor-element elementor-element-bae82bd elementor-section-boxed elementor-section-height-default elementor-section-height-default\" data-id=\"bae82bd\" data-element_type=\"section\" data-e-type=\"section\">\n\t\t\t\t\t\t<div class=\"elementor-container elementor-column-gap-default\">\n\t\t\t\t\t<div class=\"elementor-column elementor-col-100 elementor-top-column elementor-element elementor-element-1cf7b08\" data-id=\"1cf7b08\" data-element_type=\"column\" data-e-type=\"column\">\n\t\t\t<div class=\"elementor-widget-wrap elementor-element-populated\">\n\t\t\t\t\t\t<div class=\"elementor-element elementor-element-d07488b elementor-widget elementor-widget-text-editor\" data-id=\"d07488b\" data-element_type=\"widget\" data-e-type=\"widget\" data-widget_type=\"text-editor.default\">\n\t\t\t\t<div class=\"elementor-widget-container\">\n\t\t\t\t\t\t\t\t\t<h1>1.Defini\u021bii<\/h1><p>Termenii \u0219i condi\u021biile generale prev\u0103zute \u00een continuare se vor aplica tuturor v\u00e2nz\u0103rilor de bunuri de c\u0103tre\u00a0<strong>Astral Clinik Lab<\/strong>\u00a0\u0219i partenerii s\u0103i, prin intermediul magazinului virtual https:\/\/astralcliniklab.ro c\u0103tre Cump\u0103r\u0103tor \u0219i pot fi modificate oric\u00e2nd de c\u0103tre\u00a0<strong>Astral Clinik Lab<\/strong>\u00a0f\u0103r\u0103 notificare prealabil\u0103.<\/p><p>Astfel, urm\u0103torii termeni vor \u00eensemna:<\/p><p>Cump\u0103r\u0103tor \u2013 persoan\u0103 fizic\u0103 \/ persoan\u0103 juridic\u0103 sau alt\u0103 entitate juridic\u0103 ce emite o Comand\u0103.<\/p><p>V\u00e2nz\u0103tor \u2013\u00a0<strong>Astral Clinik Lab<\/strong>, cu denumirea comercial\u0103\u00a0<strong>SC ASTRAL CLINIKLAB SRL<\/strong>, av\u00e2nd sediul social \u00een Giurgiu, Str. 1 Mai 1, judetul Giurgiu, CUI 30062986, nr. de \u00eenregistrare la Registrul Comer\u021bului J52\/372\/2015.<\/p><p>Bunuri \u2013 orice produs, inclusiv documentele \u0219i serviciile men\u021bionate \u00een Comand\u0103, care urmeaz\u0103 a fi furnizate de c\u0103tre V\u00e2nz\u0103tor Cump\u0103r\u0103torului.<\/p><p>Comand\u0103 \u2013 un document electronic ce intervine ca form\u0103 de comunicare \u00eentre V\u00e2nz\u0103tor \u0219i Cump\u0103r\u0103tor, prin care V\u00e2nz\u0103torul este de acord s\u0103 livreze Bunurile \u0219i Cump\u0103r\u0103torul este de acord s\u0103 primeasc\u0103 aceste Bunuri \u0219i s\u0103 fac\u0103 plat\u0103 acestora.<\/p><p>Contract \u2013 o Comand\u0103 confirmat\u0103 de c\u0103tre V\u00e2nz\u0103tor.<\/p><p>Drepturi de Proprietate Intelectual\u0103 \u2013 toate drepturile imateriale cum ar fi know-how, dreptul de autor \u0219i drepturi \u00een natur\u0103 de autor, drepturile de baz\u0103 de date, drepturi de proiectare, drepturi de model, patente, m\u0103rci \u00eenregistrate \u0219i \u00eenregistr\u0103ri ale numelor de domenii pentru oricare din cele de mai sus.<\/p><p>Site \u2013 domeniul https:\/\/astralcliniklab.ro \u0219i subdomeniile acestuia.<\/p><h1>2.Documente Contractuale<\/h1><p>Prin lansarea unei Comenzi electronice pe site-ul https:\/\/astralcliniklab.ro, Cump\u0103r\u0103torul este de acord cu forma de comunicare (e-mail, telefon) prin care V\u00e2nzatorul \u00ee\u0219i deruleaz\u0103 opera\u021biunile. Comanda va fi compus\u0103 din urm\u0103toarele documente:<\/p><p>Comanda (\u00eempreun\u0103 cu men\u021biunile clare asupra datelor de livrare \u0219i facturare) \u0219i condi\u021biile sale specifice.<\/p><p>Termeni \u0219i condi\u021bii<\/p><p>Daca V\u00e2nz\u0103torul confirm\u0103 Comanda, acest lucru implic\u0103 o acceptare complet\u0103 a termenilor Comenzii. Acceptarea Comenzii de c\u0103tre V\u00e2nz\u0103tor se consider\u0103 finalizat\u0103 atunci c\u00e2nd exist\u0103 o confirmare electronic\u0103 (e-mail) din partea V\u00e2nz\u0103torului c\u0103tre Cump\u0103r\u0103tor, f\u0103r\u0103 a necesita o confirmare de primire din partea acestuia. V\u00e2nz\u0103torul nu consider\u0103 \u00een nici un moment o comand\u0103 neconfirmat\u0103 ca av\u00e2nd valoarea unui Contract.<br \/>Confirmarea Comenzii se face electronic (e-mail). Pre\u021burile produselor din comand\u0103 sunt valabile 3 zile lucr\u0103toare de la data \u00eenregistr\u0103rii comenzii. Termenii \u0219i condi\u021biile generale de v\u00e2nzare vor sta la baza Contractului astfel \u00eencheiat.<\/p><h1>3.Obliga\u021biile V\u00e2nz\u0103torului<\/h1><ul><li>V\u00e2nz\u0103torul \u00ee\u0219i va utiliza cuno\u0219tin\u021bele sale profesionale \u0219i tehnice pentru a atinge rezultatul stipulat \u00een Comand\u0103 \u0219i va livra Bunurile care \u00eendeplinesc cerin\u021bele \u0219i specifica\u021biile Cump\u0103r\u0103torului exprimate \u00een Comand\u0103;<\/li><li>Informa\u021biile prezentate pe site-urile V\u00e2nz\u0103torului au caracter informativ \u0219i pot fi modificate de c\u0103tre V\u00e2nz\u0103tor, f\u0103r\u0103 o anun\u021bare prealabil\u0103. Descrierile produselor pot fi incomplete, \u00eens\u0103 v\u00e2nz\u0103torul face eforturi de a prezenta informa\u021biile cele mai relevante, pentru ca produsul s\u0103 fie utilizat \u00een parametrii pentru care a fost achizi\u021bionat;<\/li><\/ul><h1>4.Dreptul de proprietate intelectual\u0103 \u0219i industrial\u0103<\/h1><p>Utilizatorul\/Cump\u0103r\u0103torul \u00een\u021belege dreptul de proprietate intelectual\u0103 \u0219i nu va dezv\u0103lui unei ter\u021be p\u0103r\u021bi sau va face publice nici una dintre inform\u0103rile primite de la V\u00e2nz\u0103tor.<\/p><p>Toate desenele, elementele de grafic\u0103 \u0219i design care apar pe site, numele site-ului precum \u0219i \u00eensemnele grafice sunt m\u0103rci \u00eenregistrate \u00een proprietatea\u00a0<strong>Astral Clinik Lab<\/strong>\u00a0\u0219i nu pot fi preluate, copiate sau folosite, f\u0103r\u0103 acordul scris al proprietarului.<\/p><p>Toate elementele de con\u021binut cum sunt descrierile, desenele, elementele de grafic\u0103 \u0219i design care apar pe site, incluz\u00e2nd dar nelimit\u00e2ndu-se la logo-uri, reprezent\u0103ri stilizate, simboluri comerciale, imagini statice, imagini dinamice, text \u0219i\/sau con\u021binut multimedia prezentate pe site, sunt proprietatea exclusiv\u0103 a\u00a0<strong>Astral Clinik Lab<\/strong>, acestuia fiindu-i rezervate toate drepturile ob\u021binute \u00een acest sens \u00een mod direct sau indirect prin licen\u021be de utilizare \u0219i\/sau publicare.<\/p><p>Utilizatorului\/Cump\u0103r\u0103torului nu \u00eei este permis\u0103 copierea, distribuirea, publicarea, transferul c\u0103tre ter\u021be p\u0103r\u021bi, modificarea \u0219i\/sau altfel alterarea, utilizarea, legarea la, expunerea, includerea oric\u0103rui element con\u021binut de mai sus \u00een orice alt context dec\u00e2t cel original inten\u021bionat de\u00a0<strong>Astral Clinik Lab<\/strong>, includerea oric\u0103rui element de con\u021binut \u00een afara Site-ului, \u00eendep\u0103rtarea \u00eensemnelor care semnific\u0103 dreptul de autor al\u00a0<strong>Astral Clinik Lab<\/strong>\u00a0asupra elementelor de con\u021binut precum \u0219i participarea la transferul, v\u00e2nzarea, distribu\u021bia unor materiale realizate prin reproducerea, modificarea sau afi\u0219area elementelor de con\u021binut, dec\u00e2t cu acordul scris expres al\u00a0<strong>Astral Clinik Lab<\/strong>.<\/p><h1>5.Drepturile asupra con\u021binutului site-ului<\/h1><p>\u00centreg continutul site-ului\u00a0si elementele de grafica, inclusiv dar fara a se limita la acestea, respectiv tot continutul in format text, precum si sursele tehnice ale tuturor serviciilor si facilitatilor prezente si viitoare \u2013 cu exceptia cazului cand este mentionat expres un alt proprietar \u2013 sursele paginilor dar si orice alt material, transmis sub orice forma de si catre Utilizatori (prin vizualizare directa pe site, prin newslettere etc.) apartin\u00a0<strong>Astral Clinik Lab<\/strong>.<\/p><p>Continutul site-ului, indiferent de zona in care se afla in site si indiferent de tip, poate fi utilizat exclusiv in scopuri personale. Orice utilizare de continut de catre terte persoane in alte scopuri decat cel personal, se poate face numai cu acordul scris, expres si prealabil al\u00a0<strong>Astral Clinik Lab<\/strong>. Prin urmare, este interzisa copierea, preluarea, reproducerea, publicarea, transmiterea, vanzarea, distributia partiala, integrala sau modificata a continutului acestui site sau a oricarei parti a acestuia efectuate in alte scopuri decat cel personal, cu urmatoarele exceptii:<\/p><p>(i) este permisa reproducerea (pe site-uri noncomerciale, forumuri, articole din presa etc.) a unor mici fragmente din articolele publicate (max. 400 de caractere), fiind obligatorie specificarea sursei informatiilor preluate, cu link, sub urmatoarea forma: (Sursa: nume site \u2013 link catre continutul site-ului).<\/p><p>(ii) sunt permise link-urile catre site-ul https:\/\/astralcliniklab.ro, iar specificarea sursei informatiilor se va face dupa fiecare link sau in finalul articolului, dupa cum urmeaza: \u201eInformatii furnizate prin amabilitatea\u00a0<strong>Astral Clinik Lab<\/strong>\u00a0\u2013 link catre continutul site-ului)<\/p><p>Utilizatorii se obliga sa respecte toate drepturile de autor si toate drepturile conexe acestuia si orice alte drepturi de proprietate intelectuala pe care Administratorul site-ului si partenerii sai le detin asupra\/in legatura cu site-ul \u00a0https:\/\/astralcliniklab.ro.<\/p><p><strong>Astral Clinik Lab<\/strong>\u00a0isi rezerva dreptul de a actiona in instanta orice persoana si\/sau entitate care incalca in orice mod prevederile de mai sus. Cererile de utilizare a continutului site-ului in orice scop altul decat cel personal pot fi facute prin e-mail la adresa mail @\u00a0<strong>Astral Clinik Lab<\/strong>.ro, cu specificatia \u201eIn atentia agen\u021biei\u201d.<\/p><p>Orice persoana care transmite sau publica in orice mod informatii ori materiale catre site\u00a0isi asuma obligatia de a nu prejudicia in nici un mod drepturile de autor pe care o terta persoana le-ar putea invoca in legatura cu materialele si informatiile transmise in orice mod catre site, iar persoanele care expediaza in orice mod informatii ori materiale inteleg si accepta ca incalcarea in orice mod a acestei obligatii nu poate angaja in niciun mod raspunderea\u00a0<strong>Astral Clinik Lab<\/strong>, ci numai raspunderea persoanelor respective.<\/p><p><strong>Astral Clinik Lab<\/strong>\u00a0poate derula in orice moment campanii publicitare si\/sau promotii in orice sectiune din site, fara ca aceasta operatiune sa necesite acordul Utilizatorilor site-ului. Spatiile si dimensiunea campaniilor publicitare si promotiilor nu necesita acordul Utilizatorilor site-ului si pot fi schimbate oricand fara a necesita anuntarea prealabila.<\/p><p><strong>Astral Clinik Lab<\/strong>\u00a0nu isi asuma responsabilitatea pentru prejudiciile sau pierderile rezultate din campaniile publicitare sau promotiile organizate in site, altele decat cele organizate strict pe site.<\/p><h1>6.Limitarea r\u0103spunderii administratorului site-ului<\/h1><p><strong>Astral Clinik Lab<\/strong>\u00a0nu isi asuma obligatia si nu garanteaza implicit sau expres, pentru continutul site-ului, respectiv pentru continutul oferit de partenerii sai sau de Utilizatorii site-ului. Cu toate acestea,\u00a0<strong>Astral Clinik Lab<\/strong>\u00a0va depune toate eforturile rezonabile pentru a asigura acuratetea si maniera profesionista in care vor fi furnizate informatiile pe site, pentru a dobandi si mentine increderea Utilizatorilor in site. In acest sens,\u00a0<strong>Astral Clinik Lab<\/strong>\u00a0va incerca sa corecteze in cel mai scurt timp posibil erorile si omisiunile semnalate.<\/p><p>Administratorul site-ului nu ofera niciun fel de garantii pentru continutul site-ului si in nicio situatie nu poate fi tinut raspunzator pentru nicio pierdere sau prejudiciu ce ar putea rezulta din utilizarea oricarei parti\/secvente\/pagini de pe site sau din imposibilitatea utilizarii acesteia, indiferent de cauza acesteia ori din interpretarea eronata a oricaror prevederi ale continutului site-ului.<\/p><p>Informatiile furnizate prin intermediul site-ului sunt oferite cu buna-credinta, din surse apreciate ca fiind de incredere. In cazul in care vreunul din articolele publicate sau orice alta informatie intra sub incidenta legii dreptului de autor, rugam Utilizatorii sa ne contacteze la adresa de e-mail\u00a0<strong>astralcliniklab@yahoo.com<\/strong>, pentru a putea lua masurile ce se impun. Totodat\u0103, Utilizatorii trebuie sa aib\u0103 \u00een vedere faptul ca informatia prezentata poate include eventuale informatii inexacte (de ex.: date de ordin tehnic sau erori de tastat).\u00a0Administratorul site-ului va face toate diligentele necesare pentru a corecta in cel mai scurt timp posibil aceste aspecte.<\/p><p>Utilizatorii inteleg si accepta faptul ca\u00a0<strong>Astral Clinik Lab<\/strong>\u00a0nu garanteaza:<\/p><p>ca informatiile continute pe site sunt pe deplin complete;<\/p><p>ca informatiile introduse de Utilizatorii website-ului sunt reale, corecte si nu isi asuma raspunderea pentru modul in care vizitatorii le folosesc;<\/p><p>ca informatiile sau serviciile de pe site \u00a0vor satisface toate cerintele Utilizatorilor, iar pentru folosirea inadecvata a acestora Utilizatorii isi asuma intreaga responsabilitate;<\/p><p>pentru rezultatele obtinute de Utilizatori ca urmare a folosirii informatiilor sau serviciilor disponibile prin intermediul site-ului utilizarea informatiilor si a serviciilor facandu-se de catre Utilizatori pe propria raspundere;<\/p><p>ca serviciile disponibile prin intermediul site-ului vor functiona constant, neintrerupt, fara erori \u2013 fata de acest aspect,\u00a0<strong>Astral Clinik Lab<\/strong>\u00a0nu isi asuma responsabilitatea pentru eventualele pagube pe care Utilizatorii le-ar putea avea din cauza nefunctionarii temporare sau defectuoase a site-ului sau pentru folosirea informatiilor obtinute prin utilizarea link-urilor de pe site catre alte site-uri (utilizarea lor este la latitudinea Utilizatorilor).<\/p><p>De asemenea, Utilizatorii inteleg si accepta faptul ca\u00a0<strong>Astral Clinik Lab<\/strong>\u00a0nu este responsabila pentru eventuale inadvertente, erori sau omisiuni in cadrul informatiilor furnizate pe site de catre Utilizatori. Totodata, Utilizatorii inteleg si accepta ca\u00a0<strong>Astral Clinik Lab<\/strong>\u00a0este absolvita de orice raspundere pentru mesajele publicitare postate pe site sau prin intermediul serviciilor oferite prin site, precum si pentru bunurile sau serviciile furnizate de catre autorii acestor mesaje publicitare. In mod expres, Utilizatorii site-ului sunt de acord sa exonereze de raspundere\u00a0<strong>Astral Clinik Lab<\/strong>\u00a0pentru orice actiune judiciara sau extrajudiciara, care provine ca urmare a utilizarii incorecte sau frauduloase a site-ului.<\/p><p>Pentru cazuri de forta majora,\u00a0<strong>Astral Clinik Lab<\/strong>\u00a0si\/sau operatorii, directorii, angajatii, sucursalele, filialele si reprezentantii sai, este exonerata total de orice raspundere. Cazurile de forta majora includ, dar nu se limiteaza la, erori de functionare ale echipamentului tehnic al\u00a0<strong>Astral Clinik Lab<\/strong>, lipsa functionarii conexiunii la internet, lipsa functionarii conexiunilor de telefon, virusii informatici, accesul neautorizat in sistemele Site-ului, erorile de operare, etc.<\/p><p>Utilizatorii sunt de acord sa protejeze si sa asigure\u00a0<strong>Astral Clinik Lab<\/strong>\u00a0si\/sau pe operatorii, directorii, angajatii, sucursalele, filialele si reprezentantii sai de si impotriva oricaror cereri, pretentii, actiuni, impuneri, pierderi, daune, costuri (incluzand, fara nici un fel de limitare, onorariile avocatilor), cheltuieli, judecati, decizii, amenzi, regularizari sau alte obligatii rezultate sau relationate cu orice alta actiune a Utilizatorilor in legatura cu utilizarea site-ului sau a serviciilor oferite prin intermediul acestuia.<\/p><p><strong>Astral Clinik Lab<\/strong>\u00a0nu ofera nicio garantie, nici in mod expres si nici implicit, in ceea ce priveste inclusiv, dar fara limitare la functionarea site-ului\u00a0https:\/\/astralcliniklab.ro, informatia, continutul, materialele sau produsele de pe site, precum si potrivirea lor pentru un anumit scop. Utilizatorii sunt de acord in mod expres ca folosirea acestui site si aplicarea informatiilor se face pe propriul lor risc.<\/p><h1>7.Abonarea Utilizatorilor la newslwettere si alerte<\/h1><p>Utilizatorii site-ului au\u00a0<strong>posibilitatea<\/strong>\u00a0de a primi newslettere si alerte prin posta electronica, existand posibilitatea ca Utilizatorii sa poata opta oricand pentru varianta de a nu mai primi astfel de notificari, cu un singur click pe link-ul de dezabonare din newsletter\/alerta primita pe mailul introdus explicit la abonare.<\/p><p>Fata de faptul ca accesul la produsele oferite prin intermediul site-ului se realizeaza prin intermediul unui cont activ, asadar pe baza unui nume de utilizator si a unei parole, recomandam Utilizatorilor ca aceste elemente sa nu fie dezvaluite unor terte persoane, chiar daca acestea afirma ca va contacteaza din partea site-ului.<\/p><p>De asemenea, in vederea asigurarii unui nivel sporit de securitate, la sfarsitul vizitei pe site recomandam inchiderea ferestrei browser-ului in care s-a lucrat sau click pe \u201eSign out\u201d\/\u201dLog off\u201d in pagina vizitata.<\/p><h1>Modificarea termenilor \u0219i condi\u021biilor<\/h1><p><strong>Astral Clinik Lab<\/strong>\u00a0are dreptul de a modifica oric\u00e2nd \u0219i \u00een orice mod oricare dintre prevederile cuprinse \u00een Termeni \u0219i condi\u021bii sau Termenii \u0219i Condi\u021biile \u00een \u00eentregime, f\u0103r\u0103 nicio notificare prealabila \u0219i f\u0103r\u0103 a fi obligata sa \u00eendeplineasc\u0103 vreo alta formalitate fata de Utilizatori. Orice modificare este acceptata deplin \u0219i necondi\u021bionat de c\u0103tre Utilizatorii site-ului prin simpla utilizare sau accesare a site-ului sau a oric\u0103rei facilita\u021bi oferite de site, intervenite oric\u00e2nd dup\u0103 operarea modific\u0103rii, iar neacceptarea oric\u0103rei modific\u0103ri atrage obliga\u021bia respectivului Utilizator de a \u00eenceta de \u00eendat\u0103 accesarea site-ului \u0219i\/sau utilizarea \u00een orice mod a serviciilor oferite prin intermediul acestuia.<\/p>\t\t\t\t\t\t\t\t<\/div>\n\t\t\t\t<\/div>\n\t\t\t\t\t<\/div>\n\t\t<\/div>\n\t\t\t\t\t<\/div>\n\t\t<\/section>\n\t\t\t\t<\/div>\n\t\t","protected":false},"excerpt":{"rendered":"<p>1.Defini\u021bii Termenii \u0219i condi\u021biile generale prev\u0103zute \u00een continuare se vor aplica tuturor v\u00e2nz\u0103rilor de bunuri de c\u0103tre\u00a0Astral Clinik Lab\u00a0\u0219i partenerii s\u0103i, prin intermediul magazinului virtual https:\/\/astralcliniklab.ro c\u0103tre Cump\u0103r\u0103tor \u0219i pot fi modificate oric\u00e2nd de c\u0103tre\u00a0Astral Clinik Lab\u00a0f\u0103r\u0103 notificare prealabil\u0103. Astfel, urm\u0103torii termeni vor \u00eensemna: Cump\u0103r\u0103tor \u2013 persoan\u0103 fizic\u0103 \/ persoan\u0103 juridic\u0103 sau alt\u0103 entitate juridic\u0103 [&hellip;]<\/p>\n","protected":false},"author":1,"featured_media":0,"parent":0,"menu_order":0,"comment_status":"closed","ping_status":"closed","template":"elementor_header_footer","meta":{"footnotes":""},"class_list":["post-1468","page","type-page","status-publish","hentry"],"_links":{"self":[{"href":"https:\/\/astralcliniklab.ro\/index.php\/wp-json\/wp\/v2\/pages\/1468","targetHints":{"allow":["GET"]}}],"collection":[{"href":"https:\/\/astralcliniklab.ro\/index.php\/wp-json\/wp\/v2\/pages"}],"about":[{"href":"https:\/\/astralcliniklab.ro\/index.php\/wp-json\/wp\/v2\/types\/page"}],"author":[{"embeddable":true,"href":"https:\/\/astralcliniklab.ro\/index.php\/wp-json\/wp\/v2\/users\/1"}],"replies":[{"embeddable":true,"href":"https:\/\/astralcliniklab.ro\/index.php\/wp-json\/wp\/v2\/comments?post=1468"}],"version-history":[{"count":16,"href":"https:\/\/astralcliniklab.ro\/index.php\/wp-json\/wp\/v2\/pages\/1468\/revisions"}],"predecessor-version":[{"id":1703,"href":"https:\/\/astralcliniklab.ro\/index.php\/wp-json\/wp\/v2\/pages\/1468\/revisions\/1703"}],"wp:attachment":[{"href":"https:\/\/astralcliniklab.ro\/index.php\/wp-json\/wp\/v2\/media?parent=1468"}],"curies":[{"name":"wp","href":"https:\/\/api.w.org\/{rel}","templated":true}]}}